{"id":137,"date":"2023-05-03T20:37:00","date_gmt":"2023-05-03T18:37:00","guid":{"rendered":"https:\/\/lesrolistesrouennais.fr\/?page_id=137"},"modified":"2023-05-03T21:22:23","modified_gmt":"2023-05-03T19:22:23","slug":"tous-les-posts","status":"publish","type":"page","link":"https:\/\/lesrolistesrouennais.fr\/index.php\/tous-les-posts\/","title":{"rendered":"Tous les posts"},"content":{"rendered":"\n<div class=\"wp-block-query is-layout-flow wp-block-query-is-layout-flow\"><ul class=\"wp-block-post-template is-layout-flow wp-block-post-template-is-layout-flow\"><li class=\"wp-block-post post-133 post type-post status-publish format-standard has-post-thumbnail hentry category-vie-associative\">\n\n<div class=\"wp-block-columns alignwide is-layout-flex wp-container-core-columns-is-layout-28f84493 wp-block-columns-is-layout-flex\">\n<div class=\"wp-block-column is-layout-flow wp-block-column-is-layout-flow\" style=\"flex-basis:30%\"><figure class=\"wp-block-post-featured-image\"><a href=\"https:\/\/lesrolistesrouennais.fr\/index.php\/2023\/05\/03\/renovation-du-site-internet\/\" target=\"_self\"  ><img loading=\"lazy\" decoding=\"async\" width=\"769\" height=\"455\" src=\"https:\/\/lesrolistesrouennais.fr\/wp-content\/uploads\/2023\/05\/important.png\" class=\"attachment-post-thumbnail size-post-thumbnail wp-post-image\" alt=\"R\u00e9novation du site internet\" style=\"object-fit:cover;\" srcset=\"https:\/\/lesrolistesrouennais.fr\/wp-content\/uploads\/2023\/05\/important.png 769w, https:\/\/lesrolistesrouennais.fr\/wp-content\/uploads\/2023\/05\/important-300x178.png 300w\" sizes=\"auto, (max-width: 769px) 100vw, 769px\" \/><\/a><\/figure><\/div>\n\n\n\n<div class=\"wp-block-column is-layout-flow wp-block-column-is-layout-flow\" style=\"flex-basis:70%\">\n<div class=\"wp-block-group is-nowrap is-layout-flex wp-container-core-group-is-layout-6c531013 wp-block-group-is-layout-flex\"><h2 class=\"wp-block-post-title\"><a href=\"https:\/\/lesrolistesrouennais.fr\/index.php\/2023\/05\/03\/renovation-du-site-internet\/\" target=\"_self\" >R\u00e9novation du site internet<\/a><\/h2>\n\n<div class=\"taxonomy-category wp-block-post-terms\"><a href=\"https:\/\/lesrolistesrouennais.fr\/index.php\/category\/vie-associative\/\" rel=\"tag\">Vie associative<\/a><\/div><\/div>\n\n\n<div class=\"wp-block-post-excerpt\"><p class=\"wp-block-post-excerpt__excerpt\">Hello, si vous voyez ce message, c&rsquo;est sans doute que le site vient juste d&rsquo;\u00eatre r\u00e9nov\u00e9, et que son contenu n&rsquo;est pas achev\u00e9 ! Les liens vers le Facebook et le Discord sont fonctionnels, n&rsquo;h\u00e9sitez pas \u00e0 venir nous poser des questions l\u00e0-bas directement ! <\/p><\/div><\/div>\n<\/div>\n\n<\/li><li class=\"wp-block-post post-43 post type-post status-publish format-standard has-post-thumbnail hentry category-billet-de-blog\">\n\n<div class=\"wp-block-columns alignwide is-layout-flex wp-container-core-columns-is-layout-28f84493 wp-block-columns-is-layout-flex\">\n<div class=\"wp-block-column is-layout-flow wp-block-column-is-layout-flow\" style=\"flex-basis:30%\"><figure class=\"wp-block-post-featured-image\"><a href=\"https:\/\/lesrolistesrouennais.fr\/index.php\/2023\/05\/03\/test-annonce-table\/\" target=\"_self\"  ><img loading=\"lazy\" decoding=\"async\" width=\"769\" height=\"455\" src=\"https:\/\/lesrolistesrouennais.fr\/wp-content\/uploads\/2023\/05\/graphiste.png\" class=\"attachment-post-thumbnail size-post-thumbnail wp-post-image\" alt=\"Test annonce table\" style=\"object-fit:cover;\" srcset=\"https:\/\/lesrolistesrouennais.fr\/wp-content\/uploads\/2023\/05\/graphiste.png 769w, https:\/\/lesrolistesrouennais.fr\/wp-content\/uploads\/2023\/05\/graphiste-300x178.png 300w\" sizes=\"auto, (max-width: 769px) 100vw, 769px\" \/><\/a><\/figure><\/div>\n\n\n\n<div class=\"wp-block-column is-layout-flow wp-block-column-is-layout-flow\" style=\"flex-basis:70%\">\n<div class=\"wp-block-group is-nowrap is-layout-flex wp-container-core-group-is-layout-6c531013 wp-block-group-is-layout-flex\"><h2 class=\"wp-block-post-title\"><a href=\"https:\/\/lesrolistesrouennais.fr\/index.php\/2023\/05\/03\/test-annonce-table\/\" target=\"_self\" >Test annonce table<\/a><\/h2>\n\n<div class=\"taxonomy-category wp-block-post-terms\"><a href=\"https:\/\/lesrolistesrouennais.fr\/index.php\/category\/billet-de-blog\/\" rel=\"tag\">Billet de blog<\/a><\/div><\/div>\n\n\n<div class=\"wp-block-post-excerpt\"><p class=\"wp-block-post-excerpt__excerpt\">On va mener du mal\u00e9fices pour de vrai, ceci n&rsquo;est pas un exercice, je r\u00e9p\u00e8te : ceci n&rsquo;est pas un exercice ! Lorem ipsum dolor sit amet, consectetur adipiscing elit. Sed nec turpis vel urna porttitor maximus. Nunc blandit vulputate libero, at vehicula nisi. Nam laoreet rutrum hendrerit. Fusce aliquam mauris lorem, sit amet interdum\u2026 <\/p><\/div><\/div>\n<\/div>\n\n<\/li><li class=\"wp-block-post post-41 post type-post status-publish format-standard has-post-thumbnail hentry category-activite-a-suivre\">\n\n<div class=\"wp-block-columns alignwide is-layout-flex wp-container-core-columns-is-layout-28f84493 wp-block-columns-is-layout-flex\">\n<div class=\"wp-block-column is-layout-flow wp-block-column-is-layout-flow\" style=\"flex-basis:30%\"><figure class=\"wp-block-post-featured-image\"><a href=\"https:\/\/lesrolistesrouennais.fr\/index.php\/2023\/05\/03\/test-annonce-presta\/\" target=\"_self\"  ><img loading=\"lazy\" decoding=\"async\" width=\"769\" height=\"455\" src=\"https:\/\/lesrolistesrouennais.fr\/wp-content\/uploads\/2023\/05\/webdesigner.png\" class=\"attachment-post-thumbnail size-post-thumbnail wp-post-image\" alt=\"Test annonce presta\" style=\"object-fit:cover;\" srcset=\"https:\/\/lesrolistesrouennais.fr\/wp-content\/uploads\/2023\/05\/webdesigner.png 769w, https:\/\/lesrolistesrouennais.fr\/wp-content\/uploads\/2023\/05\/webdesigner-300x178.png 300w\" sizes=\"auto, (max-width: 769px) 100vw, 769px\" \/><\/a><\/figure><\/div>\n\n\n\n<div class=\"wp-block-column is-layout-flow wp-block-column-is-layout-flow\" style=\"flex-basis:70%\">\n<div class=\"wp-block-group is-nowrap is-layout-flex wp-container-core-group-is-layout-6c531013 wp-block-group-is-layout-flex\"><h2 class=\"wp-block-post-title\"><a href=\"https:\/\/lesrolistesrouennais.fr\/index.php\/2023\/05\/03\/test-annonce-presta\/\" target=\"_self\" >Test annonce presta<\/a><\/h2>\n\n<div class=\"taxonomy-category wp-block-post-terms\"><a href=\"https:\/\/lesrolistesrouennais.fr\/index.php\/category\/activite-a-suivre\/\" rel=\"tag\">Activit\u00e9 \u00e0 suivre<\/a><\/div><\/div>\n\n\n<div class=\"wp-block-post-excerpt\"><p class=\"wp-block-post-excerpt__excerpt\">On va faire une presta l\u00e0 bas, \u00e0 telle heure, on a besoin de 12 000 participants, dont 4 consentants. Lorem ipsum dolor sit amet, consectetur adipiscing elit. Sed nec turpis vel urna porttitor maximus. Nunc blandit vulputate libero, at vehicula nisi. Nam laoreet rutrum hendrerit. Fusce aliquam mauris lorem, sit amet interdum sapien mattis\u2026 <\/p><\/div><\/div>\n<\/div>\n\n<\/li><li class=\"wp-block-post post-39 post type-post status-publish format-standard has-post-thumbnail hentry category-vie-associative\">\n\n<div class=\"wp-block-columns alignwide is-layout-flex wp-container-core-columns-is-layout-28f84493 wp-block-columns-is-layout-flex\">\n<div class=\"wp-block-column is-layout-flow wp-block-column-is-layout-flow\" style=\"flex-basis:30%\"><figure class=\"wp-block-post-featured-image\"><a href=\"https:\/\/lesrolistesrouennais.fr\/index.php\/2023\/05\/03\/test-annonce-ag\/\" target=\"_self\"  ><img loading=\"lazy\" decoding=\"async\" width=\"769\" height=\"455\" src=\"https:\/\/lesrolistesrouennais.fr\/wp-content\/uploads\/2023\/05\/important.png\" class=\"attachment-post-thumbnail size-post-thumbnail wp-post-image\" alt=\"Test annonce AG\" style=\"object-fit:cover;\" srcset=\"https:\/\/lesrolistesrouennais.fr\/wp-content\/uploads\/2023\/05\/important.png 769w, https:\/\/lesrolistesrouennais.fr\/wp-content\/uploads\/2023\/05\/important-300x178.png 300w\" sizes=\"auto, (max-width: 769px) 100vw, 769px\" \/><\/a><\/figure><\/div>\n\n\n\n<div class=\"wp-block-column is-layout-flow wp-block-column-is-layout-flow\" style=\"flex-basis:70%\">\n<div class=\"wp-block-group is-nowrap is-layout-flex wp-container-core-group-is-layout-6c531013 wp-block-group-is-layout-flex\"><h2 class=\"wp-block-post-title\"><a href=\"https:\/\/lesrolistesrouennais.fr\/index.php\/2023\/05\/03\/test-annonce-ag\/\" target=\"_self\" >Test annonce AG<\/a><\/h2>\n\n<div class=\"taxonomy-category wp-block-post-terms\"><a href=\"https:\/\/lesrolistesrouennais.fr\/index.php\/category\/vie-associative\/\" rel=\"tag\">Vie associative<\/a><\/div><\/div>\n\n\n<div class=\"wp-block-post-excerpt\"><p class=\"wp-block-post-excerpt__excerpt\">Super ag pr\u00e9vue le XX\/XX, avec Dingo en sp\u00e9cial Guest ! Lorem ipsum dolor sit amet, consectetur adipiscing elit. Sed nec turpis vel urna porttitor maximus. Nunc blandit vulputate libero, at vehicula nisi. Nam laoreet rutrum hendrerit. Fusce aliquam mauris lorem, sit amet interdum sapien mattis et. Nunc ultricies dui quis dapibus accumsan. Vivamus eu\u2026 <\/p><\/div><\/div>\n<\/div>\n\n<\/li><\/ul><\/div>\n","protected":false},"excerpt":{"rendered":"","protected":false},"author":1,"featured_media":0,"parent":0,"menu_order":0,"comment_status":"closed","ping_status":"closed","template":"","meta":{"footnotes":""},"class_list":["post-137","page","type-page","status-publish","hentry"],"_links":{"self":[{"href":"https:\/\/lesrolistesrouennais.fr\/index.php\/wp-json\/wp\/v2\/pages\/137","targetHints":{"allow":["GET"]}}],"collection":[{"href":"https:\/\/lesrolistesrouennais.fr\/index.php\/wp-json\/wp\/v2\/pages"}],"about":[{"href":"https:\/\/lesrolistesrouennais.fr\/index.php\/wp-json\/wp\/v2\/types\/page"}],"author":[{"embeddable":true,"href":"https:\/\/lesrolistesrouennais.fr\/index.php\/wp-json\/wp\/v2\/users\/1"}],"replies":[{"embeddable":true,"href":"https:\/\/lesrolistesrouennais.fr\/index.php\/wp-json\/wp\/v2\/comments?post=137"}],"version-history":[{"count":9,"href":"https:\/\/lesrolistesrouennais.fr\/index.php\/wp-json\/wp\/v2\/pages\/137\/revisions"}],"predecessor-version":[{"id":152,"href":"https:\/\/lesrolistesrouennais.fr\/index.php\/wp-json\/wp\/v2\/pages\/137\/revisions\/152"}],"wp:attachment":[{"href":"https:\/\/lesrolistesrouennais.fr\/index.php\/wp-json\/wp\/v2\/media?parent=137"}],"curies":[{"name":"wp","href":"https:\/\/api.w.org\/{rel}","templated":true}]}}